2*m + n = -5*a + 23, 12 = 4*a - 4*m. List the prime factors of a.
5
Let f(p) = p**2 - p + 4. Let g be f(0). Let y = 47 - -94. List the prime factors of g/14 - y/(-21).
7
Suppose -2*t + 82 = -2*d - d, 4*d - 41 = -t. Suppose -4*s + 3*r = -43, s - 4*r - t = -2*s. Suppose -2*w + s*w - 35 = 0. List the prime factors of w.
7
Suppose 2*c - 49 + 9 = 0. List the prime factors of c.
2, 5
Let y(m) = m + 25 - 47 + 30 - m**2. List the prime factors of y(0).
2
List the prime factors of -1 + 4/6 - 212/(-6).
5, 7
Let r = 8 + -12. List the prime factors of ((-6)/4)/(r/24).
3
Let w be 0 - (-38 - (1 - -1)). Suppose w = q + 3*q. Suppose -3*t = -m - q, 24 = 3*t - t - 5*m. List the prime factors of t.
2
Suppose -4*q + 2*z + 8 = -2, -1 = 2*q + 5*z. What are the prime factors of 3/(-1)*(1 - q)?
3
Let q(z) = z**3 + 6*z**2 + 5. Let l be q(-6). Suppose 0*d = l*d - 15. Suppose 3*r + 3*i + i = 36, -4*r = -d*i - 23. List the prime factors of r.
2
Let g be 2 + 1 + 26*1. Let f = g + -11. List the prime factors of f.
2, 3
Suppose 5*g - 2*g - p - 13 = 0, -3*p = 12. Let x be ((-3)/9)/(1/g). Let b(d) = -8*d**3 - 1. What are the prime factors of b(x)?
7
Let g(r) = -r**3 - 6*r**2 + 7*r + 3. Let o be g(-7). Suppose q - 2*q + o = i, 0 = -q - 4*i + 12. List the prime factors of (q + 11)/(1 - 0).
11
Let i(c) be the first derivative of -2*c**3 - 2 + c - 3*c**2 + 1/4*c**4. List the prime factors of i(7).
2
Let c = -4 - -9. Let f(p) = -p + 5*p**2 + 7 - p**3 + 0*p + 0*p. What are the prime factors of f(c)?
2
Let y be 318/8 + (-1)/(-4). Suppose -2*l + 2*i - 4 = -2, 3*i - 3 = -2*l. Suppose l = -4*f + 3*g + y, -4*f = -3*g + 7*g - 12. List the prime factors of f.
7
Let j(a) = 5*a - 48. What are the prime factors of j(13)?
17
Let m(b) = 2*b**2 - 6*b + 3. Let s be m(5). Suppose 3*o - 99 = -0*o. Let t = o - s. What are the prime factors of t?
2, 5
Suppose 2*t - 5*o - 2 = 2, 4*t = -3*o - 44. List the prime factors of 5/((-10)/t) - 1.
3
Suppose 9 - 7 = -s, -i + 2*s + 159 = 0. What are the prime factors of i?
5, 31
Suppose 0 = 4*i - 1 - 7. Suppose p - i*v - 11 = 0, 4*v + 24 = p + 3. What are the prime factors of (-17 - -1)*p/(-2)?
2
Let c(j) = 10*j. Let l(b) = b**2 - 2*b - 2. Let d(s) = s**3 - 2*s**2 - s - 3. Let f be d(3). Let y be l(f). List the prime factors of c(y).
2, 5
Suppose -5*o - h - 11 = 0, -4*o - 3 + 11 = 5*h. Let v be 37/o + (-4)/6. Let q = -6 - v. List the prime factors of q.
7
Let f(v) = 3*v**2 + 3*v + 1. Let d be f(3). Suppose -2*y - d = -135. List the prime factors of y.
7
Let l(v) = -v**3 + 6*v**2 + 9*v - 3. Let s(z) = -z**3 - 2*z**2 - 2. Let j = 2 + -5. Let a be s(j). What are the prime factors of l(a)?
11
Suppose -4*x - 4 = -2*l + 8, 4*l + 3 = -x. Suppose l = -3*n + 6*n + 6. Let i(o) = -3*o - 2. List the prime factors of i(n).
2
Let b(p) = -18*p + 30. List the prime factors of b(-9).
2, 3
Suppose 25 = 3*q + 2*q - 5*s, 2*q = -3*s + 15. List the prime factors of ((-32)/12)/((-4)/q).
2
Let d = 3 + -2. List the prime factors of (0 + 6/3)*d.
2
Let u(x) be the first derivative of 5*x - 1/2*x**2 - 1. List the prime factors of u(-7).
2, 3
Let y = -25 - 47. List the prime factors of (-8)/20 - y/5.
2, 7
Let l(y) be the second derivative of -y**3/6 - y**2/2 + 2*y. Let s be l(-3). What are the prime factors of 1/s - 5/(-2)?
3
Let s = -122 - -203. List the prime factors of s.
3
Let p = 333 + -222. List the prime factors of p.
3, 37
Let y = -37 - -64. Let c = y - 18. Let t = c - -3. What are the prime factors of t?
2, 3
Suppose -s - 2*s - 3*d = -177, 4*d + 196 = 4*s. Let m = -9 + s. List the prime factors of m.
3, 5
Suppose -28 - 28 = 4*y + 4*i, 12 = -3*i. Let m = 16 + y. List the prime factors of (-6*1)/(m/(-4)).
2
Suppose 63 + 3 = 5*s + w, 4*s - 2*w = 50. Suppose 24 = 14*z - s*z. What are the prime factors of z?
2, 3
Let u = 4 + -6. Let n = 3 + u. What are the prime factors of 0 + -2*(n + -5)?
2
Let l = 218 + -109. List the prime factors of l.
109
Let i be 2*(-5)/((-15)/9). What are the prime factors of 24*((-8)/(-4))/i?
2
Let u = -2 + 5. Suppose -6*f + 260 = -f. Suppose u*j = -c + 19 + 12, -4*j + f = 4*c. What are the prime factors of j?
3
Let w = -20 + 23. Suppose -4*a + w = -37. List the prime factors of a.
2, 5
Let c(k) be the second derivative of k**5/5 - k**4/4 + k**3/3 + k**2 - 3*k. List the prime factors of c(2).
2, 13
Let r(v) = -v**3 - v**2 - 4*v - 3. Suppose -13 = 4*p - 1. What are the prime factors of r(p)?
3
Let m = 2 - -34. List the prime factors of m.
2, 3
Let c(l) = -34*l**3 - 2*l**2 - 2*l + 2. Let g be c(-2). Suppose -g = q - 4*q. Suppose -q = 2*p - 7*p. List the prime factors of p.
2, 3
Let j be 12 - (2 + 2/(-1)). Suppose -5*t = -8*t + j. List the prime factors of t.
2
Let y(s) = s**2 - 8*s + 8. Let w be y(6). Let x(z) = z**2 - z + 9. List the prime factors of x(w).
29
List the prime factors of 108/16 - 1/(-4).
7
Let s = 68 + -37. Suppose -4*r = -s - 9. What are the prime factors of r?
2, 5
Let y(f) = f + 8. Let t be y(-5). Let d be (0 - 2 - -3)*t. Let h(u) = 5*u - 4. List the prime factors of h(d).
11
Suppose 5*w + 3 + 6 = 3*h, 0 = h - w - 5. Let p = 13 - h. Suppose d + 3*t + p = 0, -4*d - 3*t + 25 = -6*t. List the prime factors of d.
2
Let t(d) = 8*d**2 - 2*d**2 - 5*d**2 + 3*d. What are the prime factors of t(3)?
2, 3
Suppose -48 = -3*c - 2*u - 7, 0 = 5*c + 4*u - 71. Let p = c + -6. Suppose 0 = k - 7 + p. What are the prime factors of k?
2
Let l(i) = -2*i**2 - 6*i + 7. Let y = 8 - 13. Let n be l(y). Let p(f) = f**2 + 14*f + 17. List the prime factors of p(n).
2
Let l(s) = 4*s**2 + 3 + 4 - 3 + s - 6. What are the prime factors of l(2)?
2
Suppose -23 = -2*i - z, 48 = 5*i + 2*z - 7. Let d = 1 - i. List the prime factors of d/3*(-6)/4.
2
Let x(i) = i**3 - 4*i - 2. Let v be x(-3). Let j = 18 - v. What are the prime factors of j?
5, 7
Suppose 936 + 1336 = 8*p. List the prime factors of p.
2, 71
Suppose 3*q - m = 159 - 25, 0 = 3*q - 2*m - 136. Suppose -2*s + 36 + q = 0. What are the prime factors of s?
2, 5
Let b(a) = -4*a**3 - 4*a**2 - 4*a + 2. Let c be b(-4). Suppose 7*z - c = 2*z. List the prime factors of z.
2, 3, 7
Let y(z) = z**3 + 11*z**2 + 8*z - 8. Suppose -5*m = -a, a + 4*m + 0*m = -18. What are the prime factors of y(a)?
2, 3
Let u be (-6)/4*(-2)/3. Let l be -3 + 0 + u - -4. Suppose 0 = l*w - 12 - 4. What are the prime factors of w?
2
Let x(o) = -o**2 - 8*o - 4. Let n be x(-3). Let b = n + -9. What are the prime factors of b?
2
Let u(k) = -k**3 - 3*k**2 - 2*k - 5. Let f be 4/(-10)*(-5 + 15). List the prime factors of u(f).
19
Let m(q) = -q**2 - 8*q. Let v be m(-7). Suppose -v*l = -2*l - 130. What are the prime factors of l?
2, 13
Let t(h) be the first derivative of h**3/3 - 3*h**2 + 3*h + 1. List the prime factors of t(6).
3
Let o = 11 + -8. Suppose o*d - 44 = -d. Let z = d - 4. List the prime factors of z.
7
Let d(r) be the first derivative of r**5/20 + r**4/12 - r**3/3 - r**2 - 1. Let s(m) be the second derivative of d(m). List the prime factors of s(-2).
2, 3
Let c = 185 + -131. Let z be (8/20)/((-1)/90). Let k = z + c. List the prime factors of k.
2, 3
Let s(r) = -2*r + 21. What are the prime factors of s(-16)?
53
Suppose 0 = -5*u + 6*u - 57. What are the prime factors of u?
3, 19
Let f(x) = 4*x**2 - 1. Let c be f(1). Suppose -6 = -c*a + 2*a. List the prime factors of a.
2, 3
Suppose a + 0*a = 4. Suppose -5*u + a + 11 = 0. List the prime factors of u.
3
Suppose 0 = -2*a - a + 12. Let i(j) = -j**2 + 6*j - 3. What are the prime factors of i(a)?
5
Suppose 8*t + 6*t - 5012 = 0. What are the prime factors of t?
2, 179
Suppose 54 = 3*m - 4*m. Let c = 80 + m. List the prime factors of c.
2, 13
Let c(d) = d**3 + 4*d**2 - 4*d - 4. Suppose 1 = -2*b + 9. Suppose 4*l - t - 9 = -26, 3*l + 8 = -b*t. What are the prime factors of c(l)?
2, 3
Suppose -4*q - 6 + 0 = w, -2*w - 2 = -2*q. List the prime factors of (10 + 0)/w*-2.
2, 5
What are the prime factors of (32/6)/((-2)/(-12))?
2
Let o = -5 + 11. Suppose -20*u - 18 = -17*u. List the prime factors of 16 + 3/u*o.
13
Let r = -37 - -37. Let a be ((-2)/6)/(1/(-3)). List the prime factors of (a - r) + 12 + -2.
11
Let z(p) = -p**2 - 8*p - 9. Let m be z(-6). Suppose -m*o + 2*h - 6*h = -1, 2*o = 4*h - 6. List the prime factors of 3 + (1 + -1 - o).
2
Suppose 4*n + u - 32 = 0, -n + u = 1 - 4. Let y be n/4 - 2/(-8). Suppose 3*z - 2 = y